ghest common factor of u and d?
5
Let t be -1 - -3 - -1 - -3. What is the highest common factor of 42 and t?
6
Suppose 0 = -5*y + 220 - 10. Let n be 4*4/(32/4). Suppose -2*f = -n*d + 4, -f - f + 14 = d. What is the highest common divisor of d and y?
6
Suppose 0 = 12*k - 5*k - 140. What is the highest common divisor of 4 and k?
4
Let a(s) = -66*s**3 - 2*s**2 - 3*s - 2. Let d be a(-1). Calculate the greatest common factor of d and 39.
13
Suppose 4*x - 114 = -2. Calculate the greatest common factor of 70 and x.
14
Let j = 112 - 93. Calculate the highest common factor of j and 19.
19
Let y be ((-24)/8)/(3/(-4)). Calculate the highest common divisor of 6 and y.
2
Suppose -569 = -5*n - 3*b, -3*n - b + 41 = -298. Calculate the highest common divisor of 16 and n.
16
Suppose 0 = r + 3*q + 5, -q - 9 = -5*r + q. Let w(v) = 3*v + 1. Let u be w(r). Suppose -u = 4*y - 40. What is the greatest common divisor of y and 36?
9
Let a = 5 + -1. Let r = 6 - a. Calculate the greatest common divisor of 8 and r.
2
Let c = -62 + 78. Calculate the highest common divisor of c and 48.
16
Let t be ((-10)/6)/(1/(-36)). Let f = -19 - -34. Calculate the highest common factor of f and t.
15
Let a = -11 - -6. Let t(b) be the third derivative of -b**5/60 - 5*b**4/24 + b**3/6 - b**2. Let g be t(a). What is the greatest common divisor of g and 1?
1
Let j(z) = -5*z + 7. Let i be j(-5). Suppose -2*l + 5*s + 18 = -i, -2*l - 5*s + 70 = 0. Calculate the greatest common divisor of 10 and l.
10
Suppose 0 = g - 3*g + 160. Suppose 5*k + 3*l = 41 + 6, l + 1 = 0. Calculate the highest common factor of g and k.
10
Suppose -2*t - 2 + 0 = 2*u, 0 = 3*u - 3*t + 21. Let b = 6 + u. What is the greatest common divisor of b and 14?
2
Let j(x) = x**2 + 7*x + 7. Let v be j(-7). Suppose -3*m = -v - 8. Suppose -61 = -m*b + 39. Calculate the greatest common factor of b and 5.
5
Suppose -888 + 232 = -4*a. Calculate the highest common factor of 41 and a.
41
Let d(m) = -m**3 - m**2 + 39. Let w be d(0). Calculate the highest common factor of 65 and w.
13
Suppose 6*o = 4*o + 108. Let t(n) = 3*n**2 + n - 6. Let v be t(-3). What is the greatest common divisor of v and o?
18
Let n(c) = 5*c + 10. Let t be n(5). Let k = 14 + -21. Let y(a) = -2*a - 9. Let g be y(k). What is the highest common divisor of g and t?
5
Let j(s) = -s**3 - 14*s**2 - 2*s - 3. Let o be j(-14). Let l(w) = 3*w + 3*w**2 - 2*w - w**2. Let d be l(2). What is the greatest common factor of d and o?
5
Let m = 8 - 6. Let q(v) be the first derivative of v**3/3 + 5*v**2/2 + 5*v - 1. Let d be q(-4). What is the greatest common factor of m and d?
1
Let p be (2/6)/((-4)/(-84)). Let t(y) = 3*y**3 - 4*y**2 - 3. Let g be t(3). Suppose 2*b - g = -0*b. Calculate the greatest common factor of b and p.
7
Let p be (28 - 1 - (-2 - 1))*6. Calculate the highest common factor of 18 and p.
18
Let r = 52 + -29. Let w be 9552/104 + 4/26. Calculate the greatest common factor of w and r.
23
Let p = 39 + 45. What is the greatest common divisor of 21 and p?
21
Let l(p) = p**3 + 5*p**2 - 3*p + 2. Let n be l(-5). Let b(o) = 2*o**2 - 29*o + 73. Let t be b(13). Calculate the highest common factor of t and n.
17
Let f = -213 - -216. What is the highest common divisor of f and 39?
3
Suppose 0*o - 3*o = -273. Calculate the highest common divisor of o and 13.
13
Suppose -4*q - 37 = -457. Suppose -5*o = 2*z - 115, z - 110 = -0*o - 5*o. Calculate the greatest common factor of o and q.
21
Let t(m) = m**3 - 4*m**2 + 2*m - 4. Let a be t(4). Calculate the greatest common factor of 6 and a.
2
Let q be (32/(-8))/(2*2/(-32)). Calculate the greatest common divisor of 48 and q.
16
Let j be 3/(-15) + 251/5. Let u be 1/(-2)*-6 + 72. What is the greatest common divisor of u and j?
25
Suppose -2*p - 3*i + 83 = 2*p, -4*i - 81 = -3*p. Suppose -3*g - 21 - 24 = -3*a, a = -4*g - 55. Let n = p + g. Calculate the highest common factor of n and 27.
9
Suppose -l - l = -6. Suppose 0 = 4*y - 3*v - 34, -l*y + 5*v = -34 + 3. Let k be ((-14)/(-2))/(12 + -11). Calculate the highest common divisor of y and k.
7
Let x = 0 + 10. Suppose -5 - x = -3*j, -2*j - 18 = -c. Suppose -a = 1, 2*u + u + 5*a = 121. Calculate the greatest common divisor of u and c.
14
Suppose -2*n = 27 - 267. What is the highest common factor of 30 and n?
30
Suppose -9*h = 3*h - 156. Let y(v) = 23*v - 8. Let k be y(6). Calculate the highest common factor of k and h.
13
Let m(l) = -l**2 - 11*l - 10. Let q be m(-7). Suppose -4*u = h + 1, -h + 9 = -3*u - q. Let g = 85 + -40. What is the greatest common divisor of h and g?
15
Let d be (6/(-4))/((-3)/8). Suppose -53*o + 2 = -51*o - 3*j, 5*j + 3 = 3*o. What is the highest common divisor of d and o?
1
Let w be (-16)/(-2) + -2 + 2. Let x = -6 + w. Let y be -3*(x - (17 + -2)). What is the greatest common factor of y and 13?
13
Let d be 32/(-20) - 2/5. Let u be 1*d/(-6)*3. Suppose 17 + u = 2*n. What is the highest common factor of 9 and n?
9
Let c = -146 - -214. Calculate the greatest common divisor of 4 and c.
4
Let v(c) = -c**2 - 5*c - 3. Let f be v(-5). Let r(o) = -3*o + 4. Let d be r(f). What is the highest common factor of d and 104?
13
Suppose -3*w + 2*o - 18 = -7*w, o + 27 = 4*w. Suppose 10 = -4*s - s. Let u be s/3 + 56/3. Calculate the greatest common factor of u and w.
6
Let a = -109 + 274. Calculate the greatest common divisor of 33 and a.
33
Let o be -1 + 1 + 6 - 0. Let z be (-4)/(-6) - 4/6. Let n = z + o. What is the greatest common factor of 24 and n?
6
Suppose 4*j - 4*b = 2284, j + 3*b - 626 = -51. Calculate the highest common factor of j and 52.
52
Let u be -3 - (-23 - (-1 - -2)). What is the highest common divisor of u and 21?
21
Suppose 9 = -2*f - 7. Let s be 214/8 + 6/f. What is the greatest common factor of s and 13?
13
Suppose 2*c + 29 = 4*c + h, 38 = 2*c - 2*h. Suppose -2*p - 2*o + 168 = 0, 5*o = 5 + 15. Calculate the highest common factor of p and c.
16
Suppose -4*v + 3*d = -41 - 71, -85 = -3*v + 2*d. Calculate the greatest common factor of v and 279.
31
Suppose -7*n + 570 = 94. Calculate the greatest common divisor of 17 and n.
17
Suppose 4*o + 4*d = 24, -4 + 19 = o - 2*d. Let l be (-45)/6*(-12)/o. Calculate the highest common factor of l and 70.
10
Suppose r + 0*g - 5 = -3*g, 4*g = 4*r - 68. Calculate the highest common factor of r and 98.
14
Let o(d) = -d**2 - 5*d + 3. Let c be o(-5). Suppose -5*b + 261 = -b + c*i, -2*b + 120 = -2*i. Calculate the greatest common factor of 7 and b.
7
Let h(b) = b**3 + 20*b**2 - 2*b + 44. Let g be h(-20). Calculate the greatest common factor of 126 and g.
42
Let x = -3 + 5. Let o be 2/4 + (-117)/26. Let m be 1*(3 + -1) - o. What is the greatest common divisor of m and x?
2
Suppose 244 + 44 = 3*f. Calculate the highest common factor of f and 24.
24
Let t(x) = 4*x**2 - 10*x + 12. Let r be t(6). Calculate the greatest common divisor of r and 12.
12
Let g = 1 - 1. Let z be (1 - g)/((-1)/(-6)). Suppose -2*v + z*v - 56 = 0. Calculate the highest common factor of v and 98.
14
Let j(x) = 3*x**2 - 4*x - 4. Let g be j(-2). What is the greatest common factor of 128 and g?
16
Suppose 0 = -5*o - p + 290, p - 111 = -2*o + 2. Calculate the greatest common divisor of 649 and o.
59
Suppose -2*c + 131 = -g, 4*g + 14 = 2*c - 114. Let m = -40 + c. What is the highest common factor of m and 13?
13
Let n be (-3 - -9)*30/2. Suppose -8*k + n = -5*k. Suppose -2*h = 3*h - k. Calculate the highest common divisor of h and 6.
6
Let a = 18 + -26. Let w be a - (-5)/(5/2). Let x be (-4)/w*(17 + -2). What is the greatest common divisor of x and 2?
2
Suppose 2*o - 40 - 69 = k, -o + 67 = -3*k. Calculate the greatest common factor of o and 26.
26
Let o(d) = 60*d**2 + 2*d + 2*d - 5*d - 1. Let v = 16 + -17. Let r be o(v). What is the highest common divisor of r and 12?
12
Suppose -268 - 12 = -7*h. Calculate the highest common divisor of 8 and h.
8
Let n = -11 - -15. Suppose 3*z + 5*v = 2*z + 106, 349 = n*z + 5*v. Calculate the greatest common divisor of 9 and z.
9
Let v = -303 - -477. Suppose 0 = -4*n - 14 + v. Calculate the greatest common factor of n and 60.
20
Suppose -2*t + 4 = -5*r, 4*r = 2*t - 3*t + 15. Let o = 0 + -2. Let k(a) = -5*a - 3. Let u be k(o). What is the greatest common factor of u and t?
7
Let d(i) = -8*i - 46. Let n be d(-14). Calculate the greatest common di